(i) = 96*i**3 - 3*i**2 + 4*i + 3. Let p = -226 + 228. List the prime factors of r(p).
13, 59
Let f = -2176 + 656. Let n = -691 - f. What are the prime factors of n?
829
Let u(t) = t**3 - 4*t**2 + 4*t + 1. Let o be u(3). Suppose -2337 = -o*h + 2*a + 3*a, -2*a + 2946 = 5*h. List the prime factors of h.
2, 3, 7
Suppose 6*t = -1815 + 627. Let y be 0 - (-4)/10 - t/5. Suppose -4*v + 48 = -y. What are the prime factors of v?
2, 11
What are the prime factors of (-7 - (-8 + 4366))*297/(-55)?
3, 97
Suppose 144*q - 73*q - 142*q = -3166458. List the prime factors of q.
2, 3, 7433
Let y(k) = -k**2 + 66. Let i be y(-8). Suppose 235 = 5*q - 5*l, 5*q + 3*l - 225 = -i*l. List the prime factors of q.
2, 23
Suppose -2394 = -49*r + 87*r. Let g be 2/(-8) + 15/(-4). Let u = g - r. What are the prime factors of u?
59
Let n(m) = 13 - 25*m - 49 + 39*m - 37*m. List the prime factors of n(-14).
2, 11, 13
Suppose -55*j - 49 = -62*j. What are the prime factors of (-25684)/(-28) + -1 - 2/j?
2, 229
Let d(x) = 8*x**2 + 3*x - 1. Let w be d(-2). What are the prime factors of (-14380)/8*(-10)/w?
719
Let q(x) = 2*x**2 - 6*x - 255. Let a be q(25). Let y = a - -596. What are the prime factors of y?
11, 131
Let i be (0 + -2)/((-9)/(81/2)). Let s(w) = 3*w - 15. Let g be s(i). Suppose -406 = 10*o - g*o. List the prime factors of o.
7, 29
Let b(m) = -215*m - 16. Let d be b(2). What are the prime factors of (1 + -4 - d)*2?
2, 443
Let o be (-4)/10 - ((-70896)/30)/8. Let y = -172 + o. What are the prime factors of y?
3, 41
Let k(w) = 13538*w**2 - 1654*w + 3307. List the prime factors of k(2).
54151
Suppose 83*q - 2417075 = 65*q - 91*q. List the prime factors of q.
5, 887
Suppose -77106 + 304059 = 9*c. What are the prime factors of c?
151, 167
Let f(b) = 2*b**3 + 43*b**2 + 12*b + 13. Let v be f(-10). Suppose -v = -3*q + 7*m - 4*m, -q = -5*m - 735. What are the prime factors of q?
2, 5, 73
Let r(o) = o**2 + 11*o - 20. Let a = 60 + -73. Let b be r(a). Suppose -2*n = -b*v + 7*v - 132, 252 = 2*v + n. List the prime factors of v.
2, 31
Let f(c) be the first derivative of 7/2*c**2 + 19 + 13*c + 2*c**3. What are the prime factors of f(-5)?
2
Let v be ((-12)/(-10))/(-2 + (-11)/(-5)). What are the prime factors of -1 + 478 + -1 + v?
2, 241
Let q = -30 + 34. Let u(a) = 11*a**3 + 3*a**2 - 8*a - 6. Let l be u(q). Suppose i + 6*i - l = 0. List the prime factors of i.
2, 3, 17
Suppose 6*a + 51 = 201. Let g = -29 + a. What are the prime factors of (-4804)/(-40) - g/(-40)?
2, 3, 5
Suppose -14*t = -6675 + 1075. Suppose -5*v + 0*w = -3*w - 2000, -v + t = 5*w. List the prime factors of v.
2, 5
Suppose 0 = 6*h - 2*h + 12. Let o(r) = r**2 - r - 1. Let y(w) = 2*w**3 - 5*w**2 + w + 4. Let v(q) = -6*o(q) - y(q). What are the prime factors of v(h)?
2
Suppose 29*t - 13395 - 18051 = 26*t. What are the prime factors of t?
2, 3, 1747
Suppose 0 = -5*y + 8*y - 6. Suppose 2*n + y*l = -0*n + 14, 2*n + 5*l - 5 = 0. Suppose n*a - 238 - 532 = 0. What are the prime factors of a?
7, 11
Suppose -4*z = 2*l - 14, -2*l + 10 = 5*z - 2. Suppose f + 4 = 0, 3*f + l = 3*x - 7. Suppose -88 = x*g - 3*g. What are the prime factors of g?
2, 11
List the prime factors of 9882 + 1 + (0 + 2 - (7 + -8)).
2, 4943
Suppose 127*h - 699138 = -115*h. What are the prime factors of h?
3, 107
Suppose 18 + 36 = 9*k. Suppose 11*q = k*q + 630. What are the prime factors of q?
2, 3, 7
Let s be (-16)/(-216) + (-8)/108. Suppose 5*i - 323 - 6662 = s. List the prime factors of i.
11, 127
Let x(r) = 16*r + 18. Let y(a) = -2*a + 5. Let w(o) = x(o) - 4*y(o). Suppose 0 = 3*v + 1 - 7. List the prime factors of w(v).
2, 23
Let q(y) = -y**2 - 28*y + 48. Let n be q(-24). Suppose 0 = -r - u + 70, -5*u + 137 = 4*r - n. What are the prime factors of r?
3, 23
Suppose h - 2159 = 7*q - 63778, 26386 = 3*q + 4*h. What are the prime factors of q?
2, 3, 163
Let a = 6 + -3. Suppose 4*l - q = 367, 3*l = 5*l + 4*q - 206. Suppose a*f = 9 + l. What are the prime factors of f?
2, 17
Let u = -13548 - -38993. List the prime factors of u.
5, 7, 727
Suppose -16*u + 59875 = -11*u + 3*d, -3*u + 35925 = 6*d. What are the prime factors of u?
5, 479
Suppose -23*k - 4738 = -168429. What are the prime factors of k?
11, 647
Suppose 62*g - 63*g = 2*b - 3499, -16 = -2*b. List the prime factors of g.
3, 43
Suppose 11*f - 6873 = -966. Let g = f - 359. Let s = g - 32. List the prime factors of s.
2, 73
Let i = -11 - -181. Suppose 0 = -3*l - 2*l - 375. Let g = i + l. List the prime factors of g.
5, 19
Suppose -5*g = 3*w + 152, -4*w + 16 = -g - w. What are the prime factors of (7 + g)/(0 - 1)?
3, 7
Suppose -64*m - 10645 = -c - 68*m, m + 10615 = c. List the prime factors of c.
13, 19, 43
Suppose -l + 4*t = -4*l + 605, 3*l + 5*t = 601. Let o = l + 254. What are the prime factors of o?
461
List the prime factors of (9 - (-2548120)/45) + (-3)/27*-1.
2, 3, 9439
Let h be (-2 - -108)*-39*5/(-6). Suppose 1088 = 3*l - h. List the prime factors of l.
1511
Let l(r) = 14*r**2 + 6*r - 20. Let h(s) = -4*s + 80. Let k be h(22). List the prime factors of l(k).
2, 3, 23
Let p be 5 + -11 - 1*(-9)/3. What are the prime factors of 4 + -1 + ((-2292)/p)/1?
13, 59
Let l = -188 + 188. Suppose -9*j = -4*c - 5*j + 176, l = 4*c + 2*j - 164. What are the prime factors of c?
2, 3, 7
Let f(l) = -4168*l - 9231. List the prime factors of f(-5).
13, 19, 47
Suppose 16*s - 15*s = 2. Suppose 0 = 9*f - s*f + 2660. Let y = -83 - f. List the prime factors of y.
3, 11
Let f = -1059 - -2161. List the prime factors of f.
2, 19, 29
Suppose 19*m + 21296 = 137386. What are the prime factors of m?
2, 5, 13, 47
Let p(y) = 4554*y + 387. List the prime factors of p(4).
3, 13, 53
Let n = -31 + 33. Let b(d) = 25*d**2 - 2. Let p be b(n). What are the prime factors of (p - (-5 + 2)) + -3?
2, 7
Suppose -177*q - 16107 + 2571 = -185*q. What are the prime factors of q?
2, 3, 47
Let k(n) = -131*n - 557. Let v(q) = 64*q + 278. Let l(x) = -3*k(x) - 7*v(x). What are the prime factors of l(-9)?
2, 5, 11
Suppose -49*s - 23*s = -250344. What are the prime factors of s?
3, 19, 61
Suppose 3*c = -3*l + 18993, 2*c - 15667 + 3017 = l. List the prime factors of c.
3, 19, 37
Let m(h) = 1201*h**3 - 3*h**2 - 7*h + 4. List the prime factors of m(2).
2, 4793
Let q be (-1145)/(-10) + 4/(-8). Let n = 414 + q. List the prime factors of n.
2, 3, 11
Let r(k) = -k**2 - 8*k + 19. Let t be r(-5). Suppose 31*w + 555 = t*w. List the prime factors of w.
5, 37
Let o = 3505 + 6460. List the prime factors of o.
5, 1993
Suppose 3045*u - 3055*u = -139740. List the prime factors of u.
2, 3, 17, 137
Let y = -15585 - -27919. List the prime factors of y.
2, 7, 881
Suppose -3*p = -5*r + 10, 3*r = -2*p - 0*p - 13. List the prime factors of 372 + p + -3 - 3.
19
Let q be (-1)/(-2*(-6)/(-60)). Suppose 5*s - 267 = -3*u, s + q*u - 3*u - 52 = 0. What are the prime factors of s?
2, 3
Suppose -26*q + 22*q = -24. Let n(v) = -v**2 + 5*v + 3. Let x be n(q). Let c(s) = 9*s**2 + 4*s + 7. What are the prime factors of c(x)?
2, 19
Let y(i) = 99*i**2 - 10*i + 41. Let g be y(3). Suppose g = 142*a - 140*a. List the prime factors of a.
11, 41
Suppose y = b - 4, y - 21 = -2*b - 2*b. List the prime factors of 308/11 - (y + -7).
2, 17
Suppose 2*g = 4*d - 486, 0 = -3*d + d - 3*g + 231. Let y be (d/45)/(10/6 - 1). Suppose -26 = y*h - 146. What are the prime factors of h?
2, 3, 5
Suppose 0 = 11*l - 2*l + 7002. Let p = -533 - l. Suppose 3*t - 5*d - p = -42, -2*d + 236 = 4*t. What are the prime factors of t?
61
Suppose -d + u - 1203 + 4134 = 0, -14675 = -5*d - 5*u. List the prime factors of d.
7, 419
Let m = -583 - -583. Suppose m = 3*o - 2*l - 1638, 2*o = -2*o + 2*l + 2182. List the prime factors of o.
2, 17
List the prime factors of (-11)/((-88)/(-24438))*-4.
3, 4073
Let a = 1434 - -3968. List the prime factors of a.
2, 37, 73
Suppose -274*m = -273*m - 447. Suppose 0 = 6*v + m - 3747. What are the prime factors of v?
2, 5, 11
Let l(f) = -56*f - 457. Let t(d) = 56*d + 448. Let i(n) = 3*l(n) + 2*t(n). List the prime factors of i(-16).
421
Suppose -2*y + 70 = -9*y. List the prime factors of (4/y)/((-3758)/(-470) + -8).
2, 47
Let c(t) = t - 3 - 2*t + 25. Let b = -1062 + 1072. What are the prime factors of c(b)?
2, 3
Let q = -65 + 65. Suppose w - 4 = q, u + 5*w = 6*u + 20. Suppose 3*b + 0 - 9 = u. List the prime factors o